s the highest common divisor of 513 and 6802?
19
What is the highest common factor of 6 and 316623?
3
What is the highest common divisor of 180790 and 40?
10
Calculate the highest common factor of 25 and 188165.
5
Calculate the greatest common factor of 32 and 315488.
32
What is the highest common factor of 7007 and 247?
13
Calculate the highest common divisor of 5 and 5659795.
5
Calculate the highest common divisor of 2676 and 996.
12
Calculate the greatest common factor of 2849858 and 44.
22
What is the greatest common factor of 1188 and 3274?
2
What is the greatest common factor of 82 and 229887?
41
What is the highest common factor of 4123 and 34979?
133
Calculate the greatest common divisor of 71334 and 54.
54
What is the greatest common divisor of 342721 and 214?
107
What is the highest common factor of 12300 and 1804?
164
Calculate the greatest common factor of 10 and 2773980.
10
Calculate the highest common factor of 6111 and 441.
63
What is the highest common divisor of 542953 and 163?
163
Calculate the greatest common divisor of 1328 and 14624.
16
Calculate the highest common factor of 52 and 2002.
26
Calculate the highest common divisor of 60 and 43590.
30
Calculate the greatest common divisor of 1643107 and 2234.
1117
Calculate the highest common factor of 2086 and 2534.
14
What is the greatest common divisor of 42485 and 5597?
29
Calculate the highest common factor of 51 and 630649.
17
What is the highest common factor of 1911 and 60879?
273
Calculate the greatest common factor of 95051 and 33.
11
Calculate the highest common divisor of 18 and 877518.
18
Calculate the highest common divisor of 8466 and 1853.
17
What is the highest common divisor of 544531 and 52?
13
What is the greatest common divisor of 8785575 and 225?
225
Calculate the highest common divisor of 29318 and 92234.
214
Calculate the greatest common divisor of 730779 and 1428.
357
What is the highest common divisor of 66144 and 7644?
156
Calculate the greatest common factor of 222 and 20609.
37
Calculate the greatest common factor of 106 and 64077.
53
What is the highest common divisor of 77840 and 44240?
560
Calculate the greatest common divisor of 42344 and 1343.
79
What is the greatest common divisor of 266623 and 287?
287
Calculate the highest common divisor of 2249 and 3.
1
What is the greatest common divisor of 62230 and 508?
254
Calculate the greatest common divisor of 180274 and 115.
23
Calculate the greatest common factor of 23046 and 46.
46
What is the highest common factor of 347 and 1?
1
Calculate the highest common factor of 77087 and 9820.
491
What is the greatest common divisor of 126 and 25494?
42
What is the greatest common divisor of 2704 and 15353?
13
What is the highest common divisor of 87840 and 32?
32
What is the greatest common factor of 161 and 183517?
23
Calculate the greatest common factor of 15 and 53115.
15
What is the highest common factor of 1048 and 35370?
262
What is the greatest common factor of 1032 and 3027372?
516
Calculate the greatest common divisor of 142805 and 5.
5
Calculate the highest common divisor of 490325 and 5225.
275
Calculate the greatest common divisor of 42 and 3101.
7
Calculate the greatest common factor of 30720 and 240.
240
What is the greatest common divisor of 2624 and 29766?
82
Calculate the highest common factor of 698850 and 75.
75
What is the greatest common factor of 902 and 3854?
82
Calculate the highest common factor of 1719164 and 4.
4
Calculate the highest common divisor of 35524 and 120268.
428
Calculate the highest common divisor of 1136460 and 3290.
470
What is the greatest common divisor of 186685 and 145?
5
What is the highest common divisor of 169 and 125567?
169
Calculate the greatest common divisor of 16637 and 508.
127
What is the highest common factor of 282534 and 378?
42
What is the highest common factor of 2592 and 944?
16
What is the highest common divisor of 55731 and 13?
13
Calculate the greatest common divisor of 694500 and 36.
12
Calculate the highest common factor of 688149 and 385.
77
Calculate the greatest common factor of 13312 and 1144.
104
What is the greatest common divisor of 11459 and 21?
7
What is the highest common factor of 30 and 484430?
10
What is the highest common divisor of 13696 and 1024?
128
What is the greatest common factor of 115018 and 10097?
439
Calculate the highest common factor of 324 and 16272.
36
What is the greatest common divisor of 62565 and 4515?
645
What is the highest common divisor of 800 and 398600?
200
Calculate the greatest common factor of 817410 and 198.
66
Calculate the highest common divisor of 11 and 130427.
11
Calculate the highest common divisor of 407 and 619861.
407
What is the greatest common divisor of 5255 and 129273?
1051
What is the greatest common divisor of 475 and 1012225?
475
Calculate the greatest common factor of 39 and 226759.
13
What is the greatest common divisor of 84320 and 53856?
544
Calculate the greatest common divisor of 8910 and 1863.
81
Calculate the greatest common factor of 59953 and 5744.
359
Calculate the greatest common factor of 17 and 422671.
17
Calculate the greatest common divisor of 900 and 4878.
18
What is the greatest common divisor of 5502 and 53841?
393
Calculate the greatest common divisor of 203588 and 17248.
308
Calculate the greatest common factor of 88579 and 2547.
283
Calculate the highest common divisor of 81 and 185733.
81
What is the greatest common divisor of 924 and 11508?
84
What is the greatest common divisor of 366 and 6853350?
366
Calculate the greatest common divisor of 154900 and 100.
100
Calculate the highest common divisor of 1804 and 748.
44
What is the highest common divisor of 24 and 3882?
6
What is the greatest common factor of 5406 and 12?
6
Calculate the greatest common divisor of 4463 and 9.
1
Calculate the greatest common factor of 4 and 69952.
4
What is the greatest common divisor of 784 and 37534?
98
What is the highest common divisor of 12 and 764824?
4
Calculate the highest common factor of 214747 and 52.
13
Calculate the highest common factor of 682 and 33821.
31
What is the highest common factor of 57 and 10851?
3
What is the greatest common factor of 311457 and 51?
51
What is the highest common factor of 221 and 49088?
13
Calculate the highest common factor of 889176 and 36.
12
Calculate the highest common divisor of 26166 and 213444.
294
Calculate the greatest common factor of 259578 and 16192.
506
Calculate the highest common factor of 24432 and 104.
8
What is the highest common factor of 29 and 257897?
29
Calculate the greatest common divisor of 2680 and 164552.
536
Calculate the greatest common divisor of 13 and 272753.
13
What is the highest common divisor of 76 and 1436?
4
What is the greatest common factor of 80 and 57240?
40
What is the highest common divisor of 5916 and 5253?
51
Calculate the highest common divisor of 65229 and 561.
51
What is the greatest common factor of 17015 and 174715?
415
Calculate the greatest common factor of 962 and 95797.
13
Calculate the highest common divisor of 62136 and 16.
8
Calculate the highest common divisor of 744669 and 1164.
291
What is the highest common divisor of 996 and 34196?
332
Calculate the greatest common divisor of 3124 and 2698.
142
What is the highest common divisor of 54736 and 22?
22
Calculate the greatest common factor of 166322 and 52.
26
What is the highest common factor of 53 and 315509?
53
Calculate the greatest common factor of 983381 and 49.
49
What is the highest common divisor of 37437 and 24?
3
What is the highest common divisor of 2160 and 260?
20
What is the highest common divisor of 555 and 114240?
15
What is the greatest common divisor of 653107 and 52?
13
What is the greatest common factor of 40 and 2600?
40
Calculate the highest common factor of 39937 and 1.
1
Calculate the greatest common divisor of 4897194 and 2796.
1398
Calculate the highest common divisor of 24056 and 1147.
31
What is the highest common factor of 48 and 22920?
24
Calculate the greatest common divisor of 251470 and 10.
10
What is the highest common factor of 373 and 1534522?
373
Calculate the greatest common factor of 5177755 and 11.
11
Calculate the greatest common divisor of 70884 and 2200.
44
Calculate the highest